 the units digit of o?
0
Let g(i) = 5*i + 2. Let m be g(2). Let n = -6 + m. Suppose n = d + d. What is the units digit of d?
3
Let g(s) = 2*s**2 + s + s**2 - 3*s**2 + s**2 + 3. Let w be g(3). Suppose 3*t - 2*y - y - w = 0, -4*t = -2*y - 16. What is the units digit of t?
3
Let m = -2 + 6. Suppose 0*p + 140 = 4*p - 2*g, m*p - 3*g = 142. What is the units digit of p?
4
Let b = 50 + 14. What is the units digit of b?
4
Let f = -42 - -63. What is the units digit of f?
1
Let a(s) be the second derivative of -s**3/3 + 3*s**2/2 - 3*s. What is the units digit of a(-3)?
9
Let h(l) = l**3 + 2*l**2 + 1. Let p be h(-3). Let i(y) = y + 8. Let b be i(p). Let w = 11 - b. What is the tens digit of w?
1
Let t(a) = -4*a**3 - 4*a**2 - 2*a. Let j be t(-2). Suppose -j = -3*c - 2*c. What is the units digit of c?
4
What is the tens digit of ((-44)/(-3))/((-2)/(-3))?
2
Let q(c) = c + 3. Let o be q(0). What is the units digit of o/9 + (-17)/(-3)?
6
Suppose -2*s + 117 = s + w, 2*s + 5*w = 78. What is the tens digit of s?
3
Let u be ((-2)/6)/(1/(-12)). Suppose 2*x - 4*i = u, 3*i = -2*x - 27 + 3. Let o = 12 + x. What is the units digit of o?
6
Suppose 5*r = a - 2 - 9, a - 2*r = 26. Let p = a + -2. What is the tens digit of p?
3
Let l(f) = -29*f - 1. Let q be l(1). Let w = -18 - q. Let j = -2 + w. What is the tens digit of j?
1
Suppose 0 = -2*h + 3*k + 192, -2*h - 286 = -5*h + 4*k. Suppose 0*y + h = 5*y. What is the tens digit of y?
1
Let t = 42 - 1. What is the units digit of t?
1
Suppose 4*j + 4*n + n - 29 = 0, 0 = -5*j + 3*n - 10. Let s = j + 0. What is the tens digit of 17/((s - -2) + -2)?
1
Let x(v) = 17*v**2 - v. What is the units digit of x(1)?
6
What is the tens digit of -1 - -4 - (-44 + 3)?
4
Let g(l) = -l**2 + 11*l - 14. Let t be g(10). What is the units digit of (t/(-1))/(3 + -1)?
2
Suppose 3*k + 3*l - 2*l - 133 = 0, -3*k + l = -143. What is the units digit of k?
6
What is the units digit of (30/9)/((-4)/(-144))?
0
Let z be 3/(23/(-13) + 2). Let v = z - 5. What is the units digit of v?
8
Let v = -14 - -19. What is the units digit of v?
5
Suppose 7*x - 16 = -x. What is the units digit of x?
2
Suppose 3*u - 9*u + 276 = 0. What is the units digit of u?
6
Suppose 5*y - 12 = 3*c, 5*c + 2*y = 2 - 22. Let s = 5 + c. What is the units digit of (s - 1) + 0 + 2?
2
Let m(r) = -26*r + 1. What is the units digit of m(-1)?
7
Let l(a) = 3 - 4*a - 2*a + a**2 - 2*a. Let r be l(7). What is the units digit of -4*(-1 - 2/r)?
2
Suppose 4 = 2*y - 4*y. Let t be -1*(14 + y)*-2. Suppose -t = -4*g - 0*g. What is the units digit of g?
6
Let o = 91 + -40. What is the tens digit of o?
5
Suppose -3*w = w - 16. Let o(l) = l**2 - 4*l + 4. Let y be o(w). Suppose -2*m - 4*k = -10, y*m - 14 = -0*k - 2*k. What is the units digit of m?
3
Let h be 2 + ((-3)/(-1) - -2). Let y be 2/4 - 5/(-2). Suppose y = -k + h. What is the units digit of k?
4
Let y = 2 + -3. Let l = 6 + y. What is the units digit of l?
5
Suppose -5*u = -2 + 42. Let t = u + 8. Suppose 3*m - 3 - 21 = t. What is the units digit of m?
8
Let y(c) = 25*c. Let p be y(-1). What is the units digit of 10/3*(-45)/p?
6
Suppose 0 = 53*v - 59*v + 1206. What is the units digit of v?
1
What is the tens digit of 20/(1 - 0) - (-13)/(-13)?
1
Let y(s) = 4*s - s - 5*s - 3. Let z be y(-4). Suppose 3*l + 7 = -5*k, -z*l + 0*k = 3*k + 1. What is the units digit of l?
1
Suppose 0*u = -2*u - 4. Let a = u - 0. What is the units digit of ((-4)/(-1))/(a/(-1))?
2
Let n(r) = 7*r - 1. What is the units digit of n(11)?
6
Let b be (-6)/(-4)*(1 - -1). Let l be 0 + -6 - (b - 2). What is the units digit of 8/4*l/(-2)?
7
Let q(g) = 4*g + 2*g**2 - 3*g + 0*g - 4*g - 5. What is the tens digit of q(-3)?
2
Let o(f) = -f - 1. Let r be o(3). Let g be -1 + -6 - (-2 - r). What is the units digit of (30/g)/((-4)/6)?
5
Let u = 53 + -49. Suppose 11 = 4*d + 3. Suppose d*w - u = 6. What is the units digit of w?
5
Let p(l) = 3*l**2 - l - 1. Suppose 2 = -5*k + 3*q, 0 = k - 3*q - q - 3. What is the units digit of p(k)?
3
Suppose -2*i = -2*x - 32, 6*i + 4*x = 3*i + 27. Suppose -5*q = -7 - i. What is the units digit of q?
4
Let i = 65 + 9. What is the tens digit of i?
7
Suppose 14*u - 10*u = 12, -2*i = 2*u - 416. What is the tens digit of i?
0
Let n(q) = -q**2 + 7*q + 5. Let o be (-1 - 5)*12/18. Let m be (-2)/8 - 29/o. What is the units digit of n(m)?
5
Let f(c) = -c**3 - c**2 + 2*c + 3. What is the tens digit of f(-4)?
4
Let f = 11 + -4. What is the units digit of f?
7
Suppose 1 = z + 2*s - s, 0 = 5*z + 4*s - 8. Suppose z = -5*l + 3*a + 25, -5*a - 4 = 2*l. What is the units digit of 8 + 3*l/9?
9
Let l be 5 + 1/2*2. Suppose 0 = -5*u - 12 - 33. What is the units digit of (l/(-4))/(u/12)?
2
Suppose 0 = 3*v + 5*c - 199, 2*c = 2*v + 3*v - 373. What is the units digit of v?
3
Let n(d) = 16*d - 2. What is the tens digit of n(2)?
3
Let z(b) = 2*b**2 - 2*b - 4. Let r be (9/6)/(5/10). What is the units digit of z(r)?
8
Suppose -d = -92 + 12. What is the tens digit of d?
8
Let c(z) = 2 + 5*z - 4 + z**2 + z**3 - z**2 - 2*z**2. What is the tens digit of c(3)?
2
Let g be (1 - (1 + -10)) + -4. Let m(d) = -d**3 + 7*d**2 - 4*d - 7. What is the units digit of m(g)?
5
Suppose 4*y = 4*i - 12, y + 2 + 6 = 2*i. Suppose -2*q = -i*f + 2 + 3, -2*f + 4*q = -2. What is the units digit of f?
1
Let v(b) = -13*b**3 + 7*b**2 - 5*b + 37. Suppose 5 = 5*c - 5. Let f(w) = -3*w**3 + 2*w**2 - w + 9. Let l(j) = c*v(j) - 9*f(j). What is the units digit of l(5)?
3
Let l = -12 + 7. Let z(x) = -x**3 + 5*x**2 + 2*x - 3. Let c be z(5). Let i = c + l. What is the units digit of i?
2
Let u(z) = -z. Let s be u(0). Suppose s = -c + 3*c + 14. Let m = 16 + c. What is the units digit of m?
9
Let x = 46 + -20. Suppose -4*u + x = -10. What is the units digit of u?
9
Let g(i) = -i**3 - 11*i**2 + 14*i + 18. Let m be g(-12). What is the units digit of (-4)/m + 133/21?
7
Let y(b) = -b**3 - 7*b**2 - 7*b - 4. Let n be y(-6). Let f(u) = 4*u**2 + 3*u - 1. Let p be f(2). Suppose -9 = n*v - p. What is the units digit of v?
6
Let c = 10 + -6. Suppose 22 = c*o - 2*s, -2*o + 22 = 2*s + 2. What is the units digit of o?
7
Let m = 12 - -31. What is the tens digit of m?
4
Let r = -28 - -58. What is the tens digit of r?
3
What is the hundreds digit of 4/(-8)*1*-294?
1
Let a(z) = 14*z**3 + 2*z**2 - 1. Let s = -6 - -7. What is the tens digit of a(s)?
1
Suppose 2*t + 2*t - 3*l = 2, -5*t - 2*l = -14. Suppose f - 20 = p + 7, -t*f - 5*p = -68. What is the tens digit of f?
2
Suppose 1 = -d + 3*q, -5*d + 6 = q - 21. Let p be (-2)/d + (-182)/(-5). What is the tens digit of ((-2)/(-3))/(2/p)?
1
Let u(p) = -6*p**2 + 7. Let g(v) = 5*v**2 + v - 6. Let c(l) = -3*l + 1. Let f be c(2). Let d(i) = f*g(i) - 4*u(i). What is the units digit of d(-3)?
8
Let z(x) = -3*x + 16. Suppose -18 = 2*b - 4. What is the tens digit of z(b)?
3
Let c(p) = -p**3 - p**2 - 5*p - 5. Let j be c(-5). Suppose 4*s + 0*s = j. What is the tens digit of s?
3
Let k be 2/(-9) - 55/(-45). Let a be (1/((-1)/(-31)))/k. Suppose 0 = -3*n - x + a, 0 = 2*n - 3*n + x + 5. What is the units digit of n?
9
Let r = -17 + 10. Let w = 27 + r. Suppose w = -0*n + 2*n. What is the tens digit of n?
1
Let n be 1/1*(-54)/2. Let d = -16 - n. Suppose d*x - 10 = 6*x. What is the units digit of x?
2
Let u(d) = d**3 + d**2 + d. Let n be u(-2). Let g = -3 - n. What is the units digit of g?
3
Let a = -2 + -1. Let p be a/(-12) + (-14)/(-8). Suppose -p*q + r + 12 = 0, r + r - 8 = 0. What is the units digit of q?
8
Let f(z) = -z**3 + 2*z**2 - z. Let t be f(1). Suppose t*m = -3*m + 15. Suppose -5*i = m*u - 30, i + 0*i + 10 = 3*u. What is the units digit of i?
2
Let c = 11 - 18. Let d = c - -22. What is the tens digit of d?
1
Suppose 199 + 74 = 3*o. What is the units digit of o?
1
Suppose 10 - 26 = -4*s. Suppose s*x - 6 = 14. Suppose -x*o + 5 + 38 = z, -z = -2*o + 20. What is the units digit of o?
9
Let i(w) = -w**3 + 4*w**2 - w - 4. Let v be i(3). Suppose 2*o - 36 = -g, 5*g = -4*o + v*g + 76. What is the units digit of o?
6
Suppose -k = 3*v - 42 - 28, -4*v = 2*k - 140. What is the units digit of k?
0
Suppose -15 = -3*w - 6. Suppose -w*n - 2*n = -110. What is the tens digit of n?
2
Suppose -4*t - t - 65 = 0. Let k(r) = -r**2 - 13*r + 5. What is the units digit of k(t)?
5
Let d(q) = -q + 1. Let z be d(-4). Suppose 0 = 3*l - 5*h - 0 -